= o**2 + o - 2. Let g(w) be the first derivative of w**4/4 - 7*w**3 - 11*w**2 - 26. Let a be g(22). Calculate h(a).
-2
Let q(r) = r**2 + 4*r + 1. Let x be q(-5). Suppose -2*w + 78 - 34 = 0. Let t be 2/x - w/(-33). Let s(f) = -5*f**2 + f - 1. Calculate s(t).
-5
Let a(u) = -u**2 - 4*u + 2. Let k(d) = d**2 + 3*d - 2. Let l(i) = 3*a(i) + 4*k(i). Determine l(-5).
23
Let j(p) be the third derivative of p**4/24 - p**3/2 + 4*p**2. Let i be j(6). Suppose 0 = -i*y + 7*y - 16. Let b(k) = -2*k**2 + 6*k - 3. Calculate b(y).
-11
Let v(i) = -i**2 + 11*i. Let z(t) = -t. Let l(s) = v(s) + 5*z(s). Let b(d) = 2*d**2 - 13*d - 1. Let j(f) = -3*b(f) - 7*l(f). Give j(3).
3
Let z(y) = -2*y + 2*y + y - 4 - 2*y. Let p(b) = b**3 + 12*b**2 - 27*b + 19. Let h be p(-14). Determine z(h).
-9
Let f(n) be the third derivative of -n**5/60 - n**4/6 - n**3 - n**2. Let l be f(-4). Let v(r) = 12 - 37 + 17 + 13 + r. What is v(l)?
-1
Let y(o) be the first derivative of o**4/12 - o**3 + o**2 - 6*o + 47. Let p(i) be the first derivative of y(i). Determine p(5).
-3
Let n(m) be the third derivative of -2*m**5/5 + m**4/24 + m**3/6 + m**2. Let g = -2382 - -2381. Give n(g).
-24
Let o(w) be the third derivative of w**4/24 - w**3/6 - 3*w**2 + 1. Determine o(-4).
-5
Let h(x) be the third derivative of x**5/60 - 13*x**4/24 + 13*x**3/6 + 48*x**2. What is h(11)?
-9
Let c(r) be the third derivative of r**4/24 - 8*r**3/3 + 29*r**2. Give c(0).
-16
Let b be (5/2)/(12/24). Let d(w) = 2*w**3 - 3*w + 5*w**2 - b*w**3 - w**3 + 3*w**3 - 1. Give d(3).
8
Suppose 12 = 3*r - 2*g, 3*r + 2*r - 7 = -g. Let i(p) = -2*p**2 + 0*p**2 - 4*p + p**2 - r*p. Calculate i(-5).
5
Let h(u) be the first derivative of u**4/4 - 5*u**3/3 + u**2/2 + 2*u + 20. What is h(4)?
-10
Suppose 17 = 5*j - 2*w, 0*j + 2*j + 2 = 3*w. Suppose 0 = -5*c + 4 + 1. Let u(n) = -1 - 4 + 8*n - n**2 - c. Determine u(j).
9
Suppose -r + 5*c - 2*c - 5 = 0, 0 = -5*r - 2*c - 59. Suppose o + 3*o = -5*a - 604, -478 = 4*a - 2*o. Let d be a/(-55) + 2/r. Let n(s) = -2*s + 3. Give n(d).
-1
Suppose 6 = -4*k - 6. Let y(u) = 4*u - 6. Let i(x) = -2*x + 3. Let w be -3 + 144/(-81) - (-4)/(-18). Let c(a) = w*i(a) - 3*y(a). Determine c(k).
9
Suppose 0 = -3*i + 9, -5*j = -4*j + i - 12. Let f(p) = 6*p**2 - j*p - 6 - 5*p**2 + p**3 + 9*p. Calculate f(0).
-6
Let i(x) = x**2 + 3*x - 1. Suppose -2*c = -2*u - u + 7, -5*c - 6 = 4*u. Let g(m) = 3*m + 2. Let p be g(c). Give i(p).
3
Let o(d) = 39*d**2 - 586*d - 2. Let v be o(15). Let y(r) = -2*r**2 - 32*r + 26. Give y(v).
-8
Suppose -l - 131 + 127 = 0. Let v(x) = x**3 + 2*x**2 - 4*x - 3. Give v(l).
-19
Let k(x) = x**2 + 3*x. Let i be (-120)/(6/2) + 2. Let v = -43 - i. Determine k(v).
10
Let i(k) = -5*k + 33. Let a be i(0). Suppose -28*l = -a*l - 30. Let n(z) = -z**3 - 7*z**2 - 3*z - 2. Determine n(l).
-20
Let c(u) be the third derivative of u**5/60 - 5*u**4/12 - u**3/2 - 10*u**2 - 42*u. Determine c(9).
-12
Suppose 35 - 35 = -2*z. Suppose -3 = -3*j - z*j. Let b(n) = -2*n**3 + 2*n - n**2 + 2 + 1 - 4. Determine b(j).
-2
Let w(v) be the third derivative of v**5/60 + v**4/4 + v**3/3 + 143*v**2. Determine w(-7).
9
Let r(q) = 7*q**2 + q - 2. Let j(s) = 14*s**2 + 3*s - 4. Let w(a) = -3*j(a) + 7*r(a). Calculate w(2).
22
Let c = -12 - -29. Suppose i - 3 = -i - 5*m, 5*m + c = 3*i. Let q(j) = -3*j - j - 6 + 0*j + i. Determine q(-3).
10
Let g(j) be the second derivative of -10*j - 1/6*j**3 + 0 + 7/2*j**2. What is g(9)?
-2
Let c(w) = -2*w**2 + 9*w + 9. Let k be -2 - 7/(-7) - (-8 - 1). Calculate c(k).
-47
Let q(m) = m**3 + 5*m**2 + 3*m + 1. Suppose 15 = 36*d - 41*d. Determine q(d).
10
Let g(x) = x**2 - 6*x + 3. Let w be g(13). Let s(m) = -m**2 - 42*m + w*m - 47*m. Suppose 4*i - 7 = 9. Calculate s(i).
4
Let l(q) be the second derivative of q**6/24 - q**5/30 + q**4/12 - q**3/6 + 10*q**2 - 24*q. Let j(z) be the first derivative of l(z). Give j(1).
4
Let a(q) = q**3 - q**2 + q + 1. Let i(u) = 5*u**3 - 9*u**2 + 8*u + 5. Let h(r) = 4*a(r) - i(r). Calculate h(4).
-1
Let m(j) = -j**3 + 4*j**2 + 8*j - 5. Let g = 83 - 72. Suppose g*l = 3*l + 48. Determine m(l).
-29
Let x(l) = l**3 + 8*l**2 + l + 10. Let z(h) = -5*h - 9. Let t be z(6). Let b = t + 31. What is x(b)?
2
Suppose -4*n - 5*z - 15 = 0, 10*n + 12 = 12*n - 4*z. Let y(a) = -a**2 + a + 42. Give y(n).
42
Let u(c) = 2 - 56*c + 57*c + 21. Determine u(-15).
8
Let m(y) be the second derivative of -y**4/12 - 2*y**3/3 + 9*y**2 - 26*y. Let l(f) be the first derivative of m(f). Determine l(-3).
2
Let m be (13 + 4)*(4 - 0). Let r(p) = -68*p**2 + p**3 + m*p**2. Let s be -4*((-1)/4 - 0). Calculate r(s).
1
Suppose 0 = 5*f + 3*m - 25, 2*m + m - 13 = f. Suppose 0 = x - 2. Let d(r) = 3*r + 0 + x - 2*r**2 - 4. What is d(f)?
-4
Let v = -8 + 23. Let n be 3/1*(v/(-9) + 0). Let b(l) = l**2 + 8*l + 4. Determine b(n).
-11
Suppose -5*y = 5*m - 25, 5*m + 26 = 5*y + 1. Let p(o) = 7*o + 0*o - 4*o + 3. Calculate p(y).
18
Let k = 30 + -17. Suppose 2*o + 2*q + k = 5*o, -3*q = -3*o + 15. Let t(m) = -2*m**2 + 2*m + 2*m**2 + o - 2*m**2 + m**2. Determine t(4).
-5
Let k(t) = -17*t - 3. Let v(r) = -9*r - 2. Let j(m) = 3*k(m) - 5*v(m). Give j(1).
-5
Let a(v) = v**3 - 6*v**2 + 4*v + 5. Suppose -2*w = 5*g - 35, w = 5*g - 3*w - 5. Calculate a(g).
0
Let c(a) be the third derivative of a**9/60480 - a**8/2520 + a**7/630 - a**6/720 + a**5/5 - 4*a**2. Let x(y) be the third derivative of c(y). What is x(7)?
6
Let g(q) be the third derivative of -q**5/60 - q**4/6 - q**3/2 - q**2. Suppose -k = 69 - 65. Determine g(k).
-3
Let q(d) = -d**2 - 7*d - 3. Suppose 0 = a - 5*z + 13, 4*a - 5*z = 5*a - 7. Determine q(a).
9
Suppose 8*n = 3*n + 135. Let f(m) = -n*m + 14*m - 3*m**3 - 2*m**2 + 15*m. What is f(-2)?
12
Let f(p) = -112*p + 111*p - 7 - 2. Determine f(7).
-16
Let b(a) be the first derivative of 1/4*a**4 + 3*a - a**2 + a**3 + 14. What is b(-3)?
9
Let b(k) = 3*k + 11. Let v(a) = 13*a + 50. Let g(h) = -9*b(h) + 2*v(h). Calculate g(2).
-1
Suppose 4*r + 1162 = 1126. Let q(l) = l**3 + 8*l**2 - 7*l + 4. Calculate q(r).
-14
Let t(s) = s - 1. Suppose 1 = 3*n - 8. Suppose -30 = -3*l + n*f + 3, 4*l - 3*f - 46 = 0. Let j = l + -18. Calculate t(j).
-6
Let b(m) = -m**2 + 5*m + 4. Let s be 3/((-15)/(-6) - 1). Suppose 3*t + s*t = 25. Calculate b(t).
4
Suppose 0*z + 2*z - 8 = 0, -2 = 3*u - 5*z. Suppose j - u*j + 15 = 0. Let n(k) = k**2 - 4*k - j*k + 11*k. What is n(-4)?
0
Let i(q) be the third derivative of -q**4/24 - 2*q**3/3 - 5*q**2. Suppose u - 2*u + 4 = 0. Calculate i(u).
-8
Let z be (-2092)/(-20) + (-1)/(-10)*-6. Let i = 97 - z. Let b(j) = -j**3 - 6*j**2 + 5*j - 8. Give b(i).
6
Let p(n) = -14*n**2 - 34*n - 12. Let l(j) = -6*j**2 - 16*j - 7. Let z(v) = -5*l(v) + 2*p(v). Give z(-5).
1
Let u(i) = -3*i - 9. Let v(j) = -7*j - 19. Let l be (-1 - 12/(-8))*10. Let g(z) = l*u(z) - 2*v(z). Give g(-7).
0
Let i(o) be the third derivative of -o**5/60 - 5*o**4/24 - 49*o**2. Let x = -4 - -3. Let t be ((-18)/(-15))/(x/5). Calculate i(t).
-6
Let n(l) = -2*l**3 + l - 1. Suppose -4*g - 5*i - 8 = 0, 2*i - 10 = -3*g + 8*g. Calculate n(g).
13
Let k(m) = 5*m + 1. Let n = -9 + 8. Let f(h) = 0*h - 2*h + 3*h + 1 - h**2. Let b(q) = n*k(q) + 2*f(q). Determine b(-3).
-8
Suppose -p - 5*w = 10, 2*p - w = 6*p - 17. Let b(r) = -5 + 6 - r**3 + 3*r**2 - r**2 + 2*r**2 + 7*r. Determine b(p).
11
Let s(i) = -i**3 - 5*i**2 - 3*i - 1. Let r be s(-4). Let q(d) = 4*d**2 - 4*d + 6. Let b(f) = -f**2 - 2. Let c(h) = 5*b(h) + q(h). Give c(r).
-9
Let h(c) be the second derivative of c**3/6 + 5*c**2 + 3*c + 175. Calculate h(-6).
4
Let k be ((-4)/7)/(-2) - (-240)/(-105). Let j(z) = -20*z**3 + 8*z**3 - 3*z**2 + z**2 + 9*z**3. Give j(k).
16
Let m(q) = q**3 + 3*q**2 + 1. Let y be m(-2). Let x(o) = -o**2 + 7*o - y + 1 + 1. Suppose 2*s = 5*s - 18. Give x(s).
3
Let d(y) = y - 6. Let u(n) be the first derivative of -2 + 6*n - 1/2*n**2. Let o be u(2). Calculate d(o).
-2
Let p(y) = -3*y - 51. Let v be p(-19). Let t(c) = 372 + c**3 - 373 - 7*c + 0*c**3 - 4*c**2. What is t(v)?
29
Let w(r) be the third derivative of r**3/6 + 27*r**2. Let l(a) = -a**2 - 2*a + 1. Let x(c) = -l(c) + 4*w(c). Calculate x(-4).
11
Let f(h) = 2 + 0*h**2 - 3*h**2 - 6*h + 2*h**2. Let s(d) = d**3 - 6*d**2 - 8*d + 4. Let t be s(7). Let w be (t - 14/(-4))*(-10)/1. Give f(w).
7
Let a(m) be the third derivative of m**4/12 + m**3/6 + 49*m**2. Calculate